te the remainder when 10810 is divided by 1081.
0
What is the remainder when 17372 is divided by 1085?
12
What is the remainder when 428542 is divided by 31?
29
What is the remainder when 2254022 is divided by 53?
38
What is the remainder when 407934 is divided by 803?
10
What is the remainder when 522358 is divided by 15?
13
What is the remainder when 8622 is divided by 8620?
2
What is the remainder when 6587 is divided by 2304?
1979
What is the remainder when 3290 is divided by 2960?
330
What is the remainder when 118081 is divided by 17?
16
What is the remainder when 323524 is divided by 36?
28
Calculate the remainder when 16015 is divided by 1999.
23
What is the remainder when 2996 is divided by 595?
21
What is the remainder when 985126 is divided by 58?
54
What is the remainder when 29165 is divided by 429?
422
Calculate the remainder when 1747 is divided by 1683.
64
Calculate the remainder when 445 is divided by 225.
220
What is the remainder when 17321 is divided by 105?
101
Calculate the remainder when 3398 is divided by 31.
19
Calculate the remainder when 18241 is divided by 195.
106
Calculate the remainder when 4352 is divided by 1078.
40
What is the remainder when 42451 is divided by 13820?
991
Calculate the remainder when 134977 is divided by 245.
227
Calculate the remainder when 13001 is divided by 6494.
13
Calculate the remainder when 4316 is divided by 723.
701
Calculate the remainder when 28928 is divided by 7232.
0
What is the remainder when 6925 is divided by 403?
74
Calculate the remainder when 10514 is divided by 875.
14
Calculate the remainder when 11215 is divided by 10625.
590
What is the remainder when 354225 is divided by 43?
34
What is the remainder when 91237 is divided by 8293?
14
What is the remainder when 4927 is divided by 36?
31
Calculate the remainder when 10057 is divided by 37.
30
What is the remainder when 21788 is divided by 218?
206
Calculate the remainder when 252903 is divided by 366.
363
Calculate the remainder when 193601 is divided by 139.
113
What is the remainder when 94486 is divided by 31?
29
What is the remainder when 595 is divided by 77?
56
Calculate the remainder when 535133 is divided by 28.
25
What is the remainder when 22633 is divided by 236?
213
What is the remainder when 15083 is divided by 2463?
305
Calculate the remainder when 156681 is divided by 14.
7
Calculate the remainder when 306998 is divided by 110.
98
What is the remainder when 1002 is divided by 14?
8
Calculate the remainder when 172219 is divided by 23.
18
What is the remainder when 5176 is divided by 4?
0
What is the remainder when 92562 is divided by 18511?
7
Calculate the remainder when 741965 is divided by 632.
629
Calculate the remainder when 70499 is divided by 35182.
135
What is the remainder when 115672 is divided by 478?
474
Calculate the remainder when 195300 is divided by 626.
614
Calculate the remainder when 140441 is divided by 180.
41
Calculate the remainder when 5115 is divided by 5106.
9
What is the remainder when 258881 is divided by 1471?
1456
What is the remainder when 1185 is divided by 170?
165
What is the remainder when 113809 is divided by 31?
8
What is the remainder when 1714 is divided by 444?
382
Calculate the remainder when 125637 is divided by 641.
1
Calculate the remainder when 3915 is divided by 54.
27
What is the remainder when 96356 is divided by 22?
18
What is the remainder when 623126 is divided by 388?
386
Calculate the remainder when 38172 is divided by 4769.
20
Calculate the remainder when 26641 is divided by 986.
19
Calculate the remainder when 244009 is divided by 503.
54
Calculate the remainder when 220 is divided by 1.
0
What is the remainder when 83638 is divided by 51?
49
What is the remainder when 191490 is divided by 2016?
1986
What is the remainder when 2803 is divided by 111?
28
Calculate the remainder when 206 is divided by 54.
44
Calculate the remainder when 31977 is divided by 205.
202
Calculate the remainder when 14997 is divided by 7477.
43
Calculate the remainder when 133700 is divided by 430.
400
Calculate the remainder when 24953 is divided by 101.
6
What is the remainder when 86586 is divided by 385?
346
Calculate the remainder when 130305 is divided by 3030.
15
Calculate the remainder when 674 is divided by 150.
74
Calculate the remainder when 131299 is divided by 131259.
40
What is the remainder when 163998 is divided by 20?
18
What is the remainder when 18372 is divided by 925?
797
What is the remainder when 26952 is divided by 1684?
8
Calculate the remainder when 108596 is divided by 600.
596
What is the remainder when 9591 is divided by 44?
43
Calculate the remainder when 18085 is divided by 36.
13
Calculate the remainder when 111778 is divided by 69.
67
Calculate the remainder when 98680 is divided by 1109.
1088
Calculate the remainder when 2297264 is divided by 269.
4
Calculate the remainder when 1046426 is divided by 330.
326
Calculate the remainder when 3131 is divided by 225.
206
What is the remainder when 11621 is divided by 726?
5
What is the remainder when 12334 is divided by 24?
22
What is the remainder when 2980 is divided by 40?
20
What is the remainder when 30269 is divided by 30?
29
What is the remainder when 17066 is divided by 2842?
14
Calculate the remainder when 534 is divided by 491.
43
Calculate the remainder when 49068 is divided by 77.
19
Calculate the remainder when 121685 is divided by 106.
103
Calculate the remainder when 2243 is divided by 1350.
893
Calculate the remainder when 583505 is divided by 38899.
20
Calculate the remainder when 4384 is divided by 720.
64
Calculate the remainder when 82711 is divided by 56.
55
Calculate the remainder when 13667 is divided by 45.
32
What is the remainder when 14038 is divided by 2338?
10
Calculate the remainder when 5749 is divided by 213.
211
What is the remainder when 9624 is divided by 9261?
363
Calculate the remainder when 2828 is divided by 571.
544
Calculate the remainder when 2651 is divided by 344.
243
Calculate the remainder when 293 is divided by 28.
13
Calculate the remainder when 3116 is divided by 3.
2
Calculate the remainder when 68795 is divided by 80.
75
Calculate the remainder when 1297 is divided by 204.
73
What is the remainder when 1611 is divided by 74?
57
Calculate the remainder when 6359 is divided by 120.
119
Calculate the remainder when 40884 is divided by 40796.
88
Calculate the remainder when 27464 is divided by 51.
26
What is the remainder when 273896 is divided by 165?
161
What is the remainder when 330860 is divided by 1129?
63
Calculate the remainder when 556152 is divided by 1142.
1140
What is the remainder when 433927 is divided by 23?
9
Calculate the remainder when 45189 is divided by 753.
9
Calculate the remainder when 3141037 is divided by 561.
559
Calculate the remainder when 7887 is divided by 1956.
63
Calculate the remainder when 63382 is divided by 24.
22
What is the remainder when 7378 is divided by 12?
10
Calculate the remainder when 4083 is divided by 820.
803
Calculate the remainder when 13242 is divided by 26.
8
Calculate the remainder when 2622 is divided by 1274.
74
Calculate the remainder when 31667 is divided by 47.
36
Calculate the remainder when 978 is divided by 197.
190
What is the remainder when 646115 is divided by 116?
111
What is the remainder when 1444 is divided by 192?
100
Calculate the remainder when 169885 is divided by 42466.
21
Calculate the remainder when 2351 is divided by 1164.
23
What is the remainder when 67199 is divided by 22387?
38
Calculate the remainder when 56423 is divided by 146.
67
What is the remainder when 10458 is divided by 401?
32
What is the remainder when 97034 is divided by 13861?
7
Calculate the remainder when 1323 is divided by 160.
43
What is the remainder when 54942 is divided by 257?
201
What is the remainder when 4226 is divided by 5?
1
What is the remainder when 23677 is divided by 1392?
13
Calculate the remainder when 5405 is divided by 106.
105
What is the remainder when 60069 is divided by 12013?
4
Calculate the remainder when 48818 is divided by 14.
0
Calculate the remainder when 188530 is divided by 85.
0
Calculate the remainder when 4607 is divided by 1534.
5
Calculate the remainder when 4090 is di